when 325 is divided by 27.
1
What is the remainder when 824 is divided by 164?
4
What is the remainder when 6 is divided by 3?
0
What is the remainder when 1097 is divided by 100?
97
Calculate the remainder when 5883 is divided by 26.
7
What is the remainder when 657 is divided by 110?
107
What is the remainder when 434 is divided by 40?
34
Calculate the remainder when 3856 is divided by 17.
14
Calculate the remainder when 319 is divided by 294.
25
Calculate the remainder when 469 is divided by 25.
19
What is the remainder when 13 is divided by 6?
1
What is the remainder when 254 is divided by 67?
53
Calculate the remainder when 151 is divided by 76.
75
Calculate the remainder when 138 is divided by 35.
33
What is the remainder when 552 is divided by 80?
72
What is the remainder when 1125 is divided by 226?
221
Calculate the remainder when 502 is divided by 72.
70
Calculate the remainder when 886 is divided by 3.
1
Calculate the remainder when 213 is divided by 54.
51
What is the remainder when 2686 is divided by 64?
62
What is the remainder when 403 is divided by 133?
4
What is the remainder when 372 is divided by 119?
15
Calculate the remainder when 714 is divided by 55.
54
What is the remainder when 5252 is divided by 74?
72
What is the remainder when 1963 is divided by 165?
148
Calculate the remainder when 336 is divided by 32.
16
Calculate the remainder when 3614 is divided by 18.
14
What is the remainder when 325 is divided by 159?
7
Calculate the remainder when 181 is divided by 37.
33
What is the remainder when 547 is divided by 264?
19
What is the remainder when 2809 is divided by 1401?
7
Calculate the remainder when 1987 is divided by 169.
128
Calculate the remainder when 429 is divided by 14.
9
What is the remainder when 1013 is divided by 147?
131
Calculate the remainder when 816 is divided by 160.
16
What is the remainder when 179 is divided by 86?
7
What is the remainder when 70 is divided by 60?
10
What is the remainder when 906 is divided by 130?
126
What is the remainder when 332 is divided by 107?
11
What is the remainder when 266 is divided by 98?
70
Calculate the remainder when 1075 is divided by 24.
19
What is the remainder when 935 is divided by 42?
11
What is the remainder when 8498 is divided by 2824?
26
Calculate the remainder when 463 is divided by 10.
3
Calculate the remainder when 528 is divided by 67.
59
What is the remainder when 54 is divided by 23?
8
Calculate the remainder when 385 is divided by 25.
10
Calculate the remainder when 641 is divided by 14.
11
Calculate the remainder when 7045 is divided by 87.
85
Calculate the remainder when 1025 is divided by 57.
56
What is the remainder when 1183 is divided by 292?
15
What is the remainder when 1075 is divided by 54?
49
What is the remainder when 107 is divided by 42?
23
What is the remainder when 121 is divided by 25?
21
Calculate the remainder when 384 is divided by 35.
34
What is the remainder when 2973 is divided by 24?
21
Calculate the remainder when 178 is divided by 34.
8
Calculate the remainder when 123 is divided by 31.
30
What is the remainder when 215 is divided by 13?
7
Calculate the remainder when 2403 is divided by 801.
0
Calculate the remainder when 919 is divided by 14.
9
What is the remainder when 16 is divided by 16?
0
What is the remainder when 73 is divided by 11?
7
Calculate the remainder when 318 is divided by 112.
94
What is the remainder when 136 is divided by 20?
16
What is the remainder when 182 is divided by 65?
52
Calculate the remainder when 5606 is divided by 89.
88
What is the remainder when 243 is divided by 23?
13
Calculate the remainder when 136 is divided by 41.
13
What is the remainder when 2812 is divided by 65?
17
Calculate the remainder when 655 is divided by 47.
44
Calculate the remainder when 77 is divided by 7.
0
What is the remainder when 3722 is divided by 196?
194
What is the remainder when 2178 is divided by 65?
33
What is the remainder when 94 is divided by 13?
3
What is the remainder when 366 is divided by 113?
27
Calculate the remainder when 36 is divided by 10.
6
What is the remainder when 166 is divided by 88?
78
What is the remainder when 1527 is divided by 1527?
0
What is the remainder when 253 is divided by 252?
1
What is the remainder when 3586 is divided by 1194?
4
What is the remainder when 323 is divided by 87?
62
What is the remainder when 717 is divided by 230?
27
What is the remainder when 1715 is divided by 11?
10
What is the remainder when 732 is divided by 181?
8
What is the remainder when 8493 is divided by 59?
56
Calculate the remainder when 1893 is divided by 38.
31
What is the remainder when 857 is divided by 147?
122
What is the remainder when 294 is divided by 99?
96
What is the remainder when 1971 is divided by 647?
30
What is the remainder when 343 is divided by 58?
53
What is the remainder when 23749 is divided by 63?
61
What is the remainder when 348 is divided by 99?
51
Calculate the remainder when 682 is divided by 110.
22
Calculate the remainder when 712 is divided by 34.
32
Calculate the remainder when 162 is divided by 42.
36
Calculate the remainder when 1151 is divided by 64.
63
Calculate the remainder when 11913 is divided by 46.
45
Calculate the remainder when 2359 is divided by 106.
27
What is the remainder when 765 is divided by 64?
61
What is the remainder when 143 is divided by 7?
3
What is the remainder when 207 is divided by 120?
87
Calculate the remainder when 64 is divided by 11.
9
Calculate the remainder when 200 is divided by 24.
8
Calculate the remainder when 365 is divided by 61.
60
What is the remainder when 253 is divided by 17?
15
What is the remainder when 52 is divided by 22?
8
Calculate the remainder when 348 is divided by 13.
10
Calculate the remainder when 1933 is divided by 43.
41
What is the remainder when 2294 is divided by 2?
0
Calculate the remainder when 140 is divided by 47.
46
Calculate the remainder when 316 is divided by 76.
12
What is the remainder when 242 is divided by 30?
2
What is the remainder when 196 is divided by 39?
1
What is the remainder when 95 is divided by 17?
10
What is the remainder when 2997 is divided by 51?
39
Calculate the remainder when 400 is divided by 45.
40
What is the remainder when 1838 is divided by 48?
14
Calculate the remainder when 1291 is divided by 50.
41
What is the remainder when 111 is divided by 99?
12
Calculate the remainder when 558 is divided by 140.
138
What is the remainder when 3201 is divided by 29?
11
What is the remainder when 325 is divided by 17?
2
What is the remainder when 10382 is divided by 176?
174
What is the remainder when 395 is divided by 16?
11
What is the remainder when 200 is divided by 97?
6
Calculate the remainder when 775 is divided by 39.
34
What is the remainder when 21 is divided by 13?
8
What is the remainder when 608 is divided by 85?
13
What is the remainder when 2643 is divided by 18?
15
Calculate the remainder when 3734 is divided by 129.
122
Calculate the remainder when 105 is divided by 27.
24
Calculate the remainder when 139 is divided by 26.
9
Calculate the remainder when 1677 is divided by 240.
237
What is the remainder when 390 is divided by 207?
183
What is the remainder when 283 is divided by 19?
17
What is the remainder when 578 is divided by 117?
110
What is the remainder when 61 is divided by 32?
29
What is the remainder when 2606 is divided by 18?
14
Calculate the remainder when 266 is divided by 97.
72
What is the remainder when 69 is divided by 6?
3
What is the remainder when 186 is divided by 1?
0
What is the remainder when 789 is divided by 7?
5
Calculate the remainder when 651 is divided by 20.
11
What is the remainder when 802 is divided by 12?
10
What is the remainder when 191 is divided by 53?
32
Calculate the remainder when 147 is divided by 115.
32
What is the remainder when 231 is divided by 108?
15
What is the remainder when 37 is divided by 21?
16
Calculate the remainder when 594 is divided by 85.
84
What is the remainder when 142 is divided by 107?
35
What is the remainder when 55 is divided by 21?
13
Calculate the remainder when 8287 is divided by 10.
7
What is the remainder when 715 is divided by 22?
11
What is the remainder when 298 is divided by 50